ivided by 32.
28
What is the remainder when 13895 is divided by 123?
119
Calculate the remainder when 152 is divided by 9.
8
Calculate the remainder when 158 is divided by 99.
59
What is the remainder when 410 is divided by 59?
56
Calculate the remainder when 379 is divided by 78.
67
What is the remainder when 659 is divided by 55?
54
What is the remainder when 22 is divided by 1?
0
Calculate the remainder when 15 is divided by 5.
0
Calculate the remainder when 162 is divided by 41.
39
Calculate the remainder when 2213 is divided by 54.
53
What is the remainder when 486 is divided by 123?
117
Calculate the remainder when 369 is divided by 53.
51
Calculate the remainder when 67 is divided by 41.
26
Calculate the remainder when 178 is divided by 60.
58
What is the remainder when 1016 is divided by 15?
11
Calculate the remainder when 523 is divided by 173.
4
What is the remainder when 379 is divided by 9?
1
What is the remainder when 176 is divided by 36?
32
What is the remainder when 167 is divided by 126?
41
Calculate the remainder when 120 is divided by 12.
0
What is the remainder when 74 is divided by 9?
2
What is the remainder when 53416 is divided by 174?
172
What is the remainder when 33 is divided by 18?
15
What is the remainder when 1606 is divided by 8?
6
Calculate the remainder when 71 is divided by 9.
8
Calculate the remainder when 263 is divided by 46.
33
What is the remainder when 94 is divided by 27?
13
What is the remainder when 189 is divided by 27?
0
Calculate the remainder when 145 is divided by 49.
47
What is the remainder when 32 is divided by 4?
0
Calculate the remainder when 191 is divided by 32.
31
Calculate the remainder when 1249 is divided by 435.
379
Calculate the remainder when 2695 is divided by 157.
26
Calculate the remainder when 18155 is divided by 18.
11
Calculate the remainder when 3072 is divided by 101.
42
What is the remainder when 941 is divided by 8?
5
Calculate the remainder when 384 is divided by 78.
72
What is the remainder when 9790 is divided by 175?
165
Calculate the remainder when 193 is divided by 97.
96
Calculate the remainder when 180 is divided by 58.
6
Calculate the remainder when 3802 is divided by 54.
22
What is the remainder when 186 is divided by 169?
17
Calculate the remainder when 2306 is divided by 58.
44
Calculate the remainder when 190 is divided by 171.
19
Calculate the remainder when 323 is divided by 173.
150
What is the remainder when 1377 is divided by 15?
12
What is the remainder when 22 is divided by 17?
5
Calculate the remainder when 1167 is divided by 65.
62
Calculate the remainder when 68 is divided by 37.
31
What is the remainder when 88 is divided by 23?
19
What is the remainder when 258 is divided by 13?
11
Calculate the remainder when 195 is divided by 65.
0
Calculate the remainder when 937 is divided by 47.
44
What is the remainder when 229 is divided by 11?
9
Calculate the remainder when 2951 is divided by 328.
327
Calculate the remainder when 300 is divided by 29.
10
Calculate the remainder when 130 is divided by 37.
19
What is the remainder when 29 is divided by 6?
5
What is the remainder when 66 is divided by 20?
6
What is the remainder when 193 is divided by 25?
18
Calculate the remainder when 1437 is divided by 95.
12
What is the remainder when 358 is divided by 120?
118
What is the remainder when 199 is divided by 26?
17
What is the remainder when 203 is divided by 49?
7
What is the remainder when 1434 is divided by 57?
9
What is the remainder when 94 is divided by 21?
10
Calculate the remainder when 59 is divided by 33.
26
What is the remainder when 1622 is divided by 13?
10
What is the remainder when 625 is divided by 52?
1
Calculate the remainder when 451 is divided by 8.
3
What is the remainder when 263 is divided by 136?
127
Calculate the remainder when 65 is divided by 40.
25
What is the remainder when 36 is divided by 7?
1
What is the remainder when 238 is divided by 34?
0
Calculate the remainder when 13 is divided by 7.
6
What is the remainder when 56 is divided by 19?
18
What is the remainder when 1528 is divided by 35?
23
Calculate the remainder when 3441 is divided by 42.
39
Calculate the remainder when 12467 is divided by 6.
5
What is the remainder when 68 is divided by 44?
24
What is the remainder when 272 is divided by 39?
38
Calculate the remainder when 54 is divided by 30.
24
What is the remainder when 239 is divided by 43?
24
Calculate the remainder when 1531 is divided by 26.
23
What is the remainder when 122 is divided by 11?
1
Calculate the remainder when 206 is divided by 11.
8
What is the remainder when 3089 is divided by 181?
12
What is the remainder when 27118 is divided by 20?
18
What is the remainder when 261 is divided by 18?
9
Calculate the remainder when 611 is divided by 17.
16
Calculate the remainder when 317 is divided by 79.
1
What is the remainder when 218 is divided by 75?
68
Calculate the remainder when 3183 is divided by 59.
56
What is the remainder when 97 is divided by 9?
7
What is the remainder when 1730 is divided by 15?
5
What is the remainder when 78 is divided by 17?
10
Calculate the remainder when 82 is divided by 58.
24
What is the remainder when 201 is divided by 9?
3
Calculate the remainder when 475 is divided by 80.
75
What is the remainder when 326 is divided by 23?
4
What is the remainder when 29 is divided by 10?
9
Calculate the remainder when 150 is divided by 5.
0
What is the remainder when 317 is divided by 8?
5
What is the remainder when 2672 is divided by 14?
12
Calculate the remainder when 112 is divided by 19.
17
Calculate the remainder when 899 is divided by 62.
31
What is the remainder when 2337 is divided by 14?
13
What is the remainder when 842 is divided by 94?
90
Calculate the remainder when 299 is divided by 30.
29
Calculate the remainder when 493 is divided by 44.
9
What is the remainder when 310 is divided by 155?
0
Calculate the remainder when 162 is divided by 77.
8
Calculate the remainder when 26459 is divided by 180.
179
What is the remainder when 1337 is divided by 44?
17
What is the remainder when 1864 is divided by 18?
10
What is the remainder when 787 is divided by 61?
55
Calculate the remainder when 4246 is divided by 3.
1
What is the remainder when 27 is divided by 2?
1
Calculate the remainder when 6774 is divided by 64.
54
Calculate the remainder when 552 is divided by 172.
36
Calculate the remainder when 120 is divided by 9.
3
Calculate the remainder when 906 is divided by 14.
10
What is the remainder when 7052 is divided by 63?
59
What is the remainder when 33 is divided by 15?
3
What is the remainder when 3753 is divided by 94?
87
Calculate the remainder when 305 is divided by 73.
13
Calculate the remainder when 477 is divided by 133.
78
Calculate the remainder when 178 is divided by 14.
10
Calculate the remainder when 672 is divided by 45.
42
What is the remainder when 526 is divided by 3?
1
Calculate the remainder when 4581 is divided by 100.
81
Calculate the remainder when 317 is divided by 14.
9
Calculate the remainder when 606 is divided by 38.
36
What is the remainder when 568 is divided by 145?
133
Calculate the remainder when 318 is divided by 157.
4
Calculate the remainder when 5 is divided by 4.
1
Calculate the remainder when 699 is divided by 262.
175
What is the remainder when 1202 is divided by 367?
101
Calculate the remainder when 20 is divided by 6.
2
Calculate the remainder when 739 is divided by 68.
59
What is the remainder when 222 is divided by 33?
24
What is the remainder when 451 is divided by 109?
15
What is the remainder when 9165 is divided by 48?
45
What is the remainder when 7 is divided by 4?
3
Calculate the remainder when 5696 is divided by 41.
38
What is the remainder when 802 is divided by 7?
4
Calculate the remainder when 96 is divided by 3.
0
What is the remainder when 2955 is divided by 16?
11
Calculate the remainder when 7672 is divided by 160.
152
What is the remainder when 209 is divided by 14?
13
Calculate the remainder when 162 is divided by 51.
9
What is the remainder when 1817 is divided by 91?
88
What is the remainder when 3845 is divided by 13?
10
Calculate the remainder when 539 is divided by 20.
19
What is the remainder when 263 is divi